 factors of 7251254592?
2, 3, 37766951
What are the prime factors of 19284382?
2, 13, 43, 47, 367
List the prime factors of 4917204362.
2, 7, 23, 15270821
List the prime factors of 60307882.
2, 30153941
What are the prime factors of 342840326?
2, 17, 10083539
List the prime factors of 69505139.
11, 1439, 4391
List the prime factors of 21824817.
3, 7, 53, 19609
What are the prime factors of 75483510?
2, 3, 5, 131, 19207
What are the prime factors of 299953782?
2, 3, 619, 26921
List the prime factors of 5940205.
5, 1188041
List the prime factors of 1288112689.
53, 823, 29531
List the prime factors of 287844145.
5, 31, 163, 11393
What are the prime factors of 81795989?
11, 73, 101863
List the prime factors of 309187287.
3, 3817127
What are the prime factors of 267590477?
7, 11, 41, 84761
List the prime factors of 2789006437.
7, 61, 239, 27329
List the prime factors of 95421689.
11, 31, 25439
What are the prime factors of 288503983?
1367, 211049
List the prime factors of 2167211447.
1063, 2038769
List the prime factors of 145929456.
2, 3, 1013399
What are the prime factors of 249244977?
3, 83081659
What are the prime factors of 187040972?
2, 467, 100129
List the prime factors of 316075407.
3, 17, 23, 467, 577
What are the prime factors of 130488708?
2, 3, 7, 1553437
What are the prime factors of 12743029?
13, 467, 2099
List the prime factors of 16953899.
16953899
List the prime factors of 1067841129.
3, 131, 313, 8681
List the prime factors of 9243703.
7, 71, 2657
What are the prime factors of 1414403850?
2, 3, 5, 1721, 5479
What are the prime factors of 24061857?
3, 373, 21503
What are the prime factors of 1895535606?
2, 3, 709, 445589
What are the prime factors of 118956106?
2, 17, 3498709
List the prime factors of 2900999527.
17, 79, 863, 2503
What are the prime factors of 1635082343?
97, 149, 113131
What are the prime factors of 563369781?
3, 13, 1111183
What are the prime factors of 2681714169?
3, 19, 5227513
What are the prime factors of 1026406886?
2, 797, 643919
What are the prime factors of 120917215?
5, 257, 94099
List the prime factors of 41941245.
3, 5, 2796083
List the prime factors of 1307405347.
29, 45082943
What are the prime factors of 35452727?
19, 98207
What are the prime factors of 6571345362?
2, 3, 1095224227
What are the prime factors of 382241869?
17377, 21997
List the prime factors of 2109262827.
3, 7, 19, 5286373
List the prime factors of 746985292.
2, 283, 659881
List the prime factors of 1123739511.
3, 43, 8711159
List the prime factors of 4497799838.
2, 7, 223, 1440679
What are the prime factors of 6408392793?
3, 11, 59, 349, 9431
List the prime factors of 194407370.
2, 5, 19440737
What are the prime factors of 3125058068?
2, 11, 89, 798023
List the prime factors of 635493296.
2, 157, 252983
List the prime factors of 66656612.
2, 11, 673, 2251
What are the prime factors of 49485494?
2, 241, 102667
List the prime factors of 4290763760.
2, 5, 53634547
What are the prime factors of 83015794?
2, 17, 2441641
List the prime factors of 7725707.
11, 702337
What are the prime factors of 4326449926?
2, 35831, 60373
What are the prime factors of 199968356?
2, 7, 131, 54517
What are the prime factors of 393130329?
3, 23, 1979, 2879
What are the prime factors of 14888082?
2, 3, 11, 20507
What are the prime factors of 2554652109?
3, 851550703
List the prime factors of 247933017.
3, 107, 257459
What are the prime factors of 5386445?
5, 1077289
List the prime factors of 118751821.
118751821
What are the prime factors of 971990347?
6131, 158537
What are the prime factors of 63844862?
2, 89, 251, 1429
List the prime factors of 8344494020.
2, 5, 15661, 26641
List the prime factors of 849725157.
3, 317, 647, 1381
What are the prime factors of 1641454959?
3, 2609, 209717
What are the prime factors of 2289509272?
2, 17, 19, 113, 7841
What are the prime factors of 77468755?
5, 7, 13, 1871
List the prime factors of 62637069.
3, 11, 101, 18793
What are the prime factors of 1169435535?
3, 5, 487, 160087
What are the prime factors of 41886732?
2, 3, 857, 4073
List the prime factors of 938372620.
2, 5, 701, 66931
What are the prime factors of 358106074?
2, 103, 1738379
What are the prime factors of 2547256160?
2, 5, 73, 218087
What are the prime factors of 64074583?
47, 61, 22349
List the prime factors of 28469555.
5, 1237, 4603
What are the prime factors of 4365685318?
2, 2182842659
What are the prime factors of 609461920?
2, 5, 3809137
What are the prime factors of 9112542369?
3, 7, 433930589
What are the prime factors of 320132948?
2, 80033237
What are the prime factors of 294421142?
2, 147210571
List the prime factors of 31518558.
2, 3, 64853
List the prime factors of 819496998.
2, 3, 3877, 11743
What are the prime factors of 4547104415?
5, 7, 19, 6837751
What are the prime factors of 438188068?
2, 109547017
List the prime factors of 271358882.
2, 135679441
What are the prime factors of 1561184184?
2, 3, 7, 83, 103, 1087
What are the prime factors of 1836169594?
2, 7, 3167, 41413
List the prime factors of 47415277.
7, 13, 521047
What are the prime factors of 36859083?
3, 89, 127, 1087
What are the prime factors of 7144346220?
2, 3, 5, 11, 17, 743, 857
List the prime factors of 337514285.
5, 47, 1436231
What are the prime factors of 1000941483?
3, 127, 2627143
What are the prime factors of 1016619682?
2, 13, 41, 47, 103, 197
What are the prime factors of 215645945?
5, 43129189
List the prime factors of 2040639660.
2, 3, 5, 83, 137, 997
List the prime factors of 1129540783.
7, 161362969
What are the prime factors of 396705?
3, 5, 53, 499
List the prime factors of 99822797.
53, 97, 19417
What are the prime factors of 1121670753?
3, 7, 53412893
List the prime factors of 3003540528.
2, 3, 53, 1180637
List the prime factors of 80268140.
2, 5, 4013407
List the prime factors of 1326351496.
2, 165793937
List the prime factors of 526898251.
11, 67, 103, 631
List the prime factors of 26277910.
2, 5, 2627791
List the prime factors of 2274725398.
2, 11, 263, 393143
List the prime factors of 54251944.
2, 6781493
What are the prime factors of 138438492?
2, 3, 11536541
List the prime factors of 964082293.
29, 33244217
List the prime factors of 84699937.
7, 12099991
What are the prime factors of 373838058?
2, 3, 11, 17, 37021
List the prime factors of 34191027.
3, 13, 292231
List the prime factors of 102073654.
2, 53, 962959
What are the prime factors of 137598011?
29, 1091, 4349
List the prime factors of 9284394693.
3, 7, 31, 3319, 4297
List the prime factors of 9180510.
2, 3, 5, 17, 47, 383
List the prime factors of 92908107.
3, 3441041
What are the prime factors of 2800823380?
2, 5, 83, 103, 16381
List the prime factors of 448408734.
2, 3, 173, 431993
List the prime factors of 2551739851.
101, 25264751
List the prime factors of 325936014.
2, 3, 54322669
List the prime factors of 49673064.
2, 3, 7, 42239
List the prime factors of 91310147.
883, 103409
List the prime factors of 5190156841.
89, 3727, 15647
What are the prime factors of 7958302418?
2, 11, 19, 19039001
What are the prime factors of 1281680469?
3, 47469647
List the prime factors of 231950147.
11, 13, 23, 109, 647
What are the prime factors of 2986699672?
2, 11, 17, 53, 139, 271
List the prime factors of 10938591.
3, 151, 2683
List the prime factors of 6297312285.
3, 5, 11, 12721843
List the prime factors of 41740842.
2, 3, 11, 13, 48649
What are the prime factors of 2726862839?
193, 14128823
What are the prime factors of 16684923?
3, 5561641
List the prime factors of 3210353602.
2, 509, 3153589
What are the prime factors of 9854839?
37, 83, 3209
List the prime factors of 231121820.
2, 5, 11556091
What are the prime factors of 607825115?
5, 1171, 103813
What are the prime factors of 555109162?
2, 4507, 61583
List the prime factors of 1737373171.
23887, 72733
List the prime factors of 465604405.
5, 7, 19, 41, 17077
What are the prime factors of 1064966319?
3, 311, 126827
List the prime factors of 1825906538.
2, 912953269
What are the prime factors of 5244429947?
397, 13210151
What are the prime factors of 213459315?
3, 5, 14230621
What are the prime factors of 57743925?
3, 5, 769919
List the prime factors of 284320422.
2, 3, 5265193
List the prime factors of 122841036.
2, 3, 37, 10247
List the